prime?
True
Let r be (-5)/(25/15) + -13. Is (-3954)/(-10) + r/40 a prime number?
False
Let s(z) = -z**2 - 12*z + 18. Let t be s(-14). Let g(w) = w**3 + 10*w**2 - 3*w - 9. Is g(t) composite?
True
Is (-81180)/(-52) - 34/221 prime?
False
Let o(j) = j**3 + 8*j**2 + 6*j - 3. Let s be o(-7). Suppose 2*i - 529 = -s*k + i, -4*k = 3*i - 531. Let h = k + -45. Is h composite?
True
Let m(b) = 6*b**3 + b**2 - 4*b - 9. Let j(h) = -h**3 - h**2 + 1. Let w(s) = 5*j(s) + m(s). Is w(7) a composite number?
True
Suppose 156428 = 13*w - 221339. Is w a prime number?
True
Suppose 9433 + 917 = 6*w. Let y = w + -734. Is y a composite number?
False
Suppose -b + 1 = 0, -m + 15 = 5*b - 0. Let d = m - 10. Suppose d = -10*c + 8*c + 318. Is c a prime number?
False
Let q(v) = v**2 + 6*v - 22. Let b be q(-9). Suppose 3113 = b*s - 4682. Is s a composite number?
False
Let z(n) = -10*n**3 - n**2 - 5*n - 2. Let k be z(-3). Let w = k - -57. Is w prime?
True
Is (2/4)/(17 - 2756885/162170) prime?
True
Let n = -10548 + 16129. Is n a composite number?
False
Let d(r) = 8*r - 3. Let g be d(-1). Let w = g + 10. Is w - (-158 + -2 + 2) a prime number?
True
Is 280455/75 + 7/((-35)/2) prime?
True
Let p(k) = -k**3 + 27*k**2 + 71*k + 28. Is p(-17) a prime number?
False
Suppose 0 = -7*n + 4*n + 2*v + 9, -3*v = 0. Suppose 5*r - 5*m - 20 = 0, 0 = -5*r + n*r - 5*m + 15. Suppose d + r = 84. Is d a prime number?
True
Suppose 0 = -38*a + 37*a + 3645. Let o = a + 200. Is o composite?
True
Suppose s - 4 = -0. Suppose 1 = -10*r + 61. Suppose s*a = a + r. Is a a prime number?
True
Let h(i) = i**3 - 18*i**2 + 5. Let f be h(18). Suppose -3*c - 5*k = -k - 1737, -f*c - 2*k = -2881. Suppose -c = -m - j, -283 = 4*m + 2*j - 2591. Is m composite?
True
Let u(z) = -z + 11. Let p be u(7). Let s be 4*(6/p)/1. Is 3/s*236 - -1 prime?
False
Let h = 17 - 23. Let q be 62/12 + h/36. Suppose 6 = q*x + 31, 5*y - 3730 = -3*x. Is y composite?
True
Let p = 4698 - -341. Is p composite?
False
Suppose f = 4, -6*f = -5*d - f + 5. Suppose 4*p - 2*x = -190, 5*x + 57 - 302 = d*p. Let o = p + 99. Is o a composite number?
False
Let f(c) = 1303*c**2 - 16*c - 6. Is f(-3) composite?
True
Let y(b) = 8*b**2 + b. Let i be y(-1). Suppose -4*c = -i*c + 3408. Is (7/2)/(8/c) a prime number?
False
Suppose -65*s = -85*s + 105980. Is s composite?
True
Suppose -r - 3*a = 9, -a + 13 = -5*r - 0*a. Let t be (-4)/6 - 998/r. Let h = 597 - t. Is h a prime number?
False
Let b(d) = 978*d**2 - 1. Let q = 24 - 23. Is b(q) composite?
False
Suppose -11611 = -5*m + 2*b, 3*m + 10*b - 6978 = 15*b. Is m a composite number?
True
Let t(o) = 3721*o + 460. Is t(6) prime?
False
Let j = -28 - -26. Let s be 11*j/(-6)*153. Let o = s + -376. Is o a prime number?
False
Is (-3)/6 + 42/28 + 7060 a prime number?
False
Let i(q) = -11*q**2 + 2*q - 5*q**3 + 10*q + 8 + 4*q**3 + 0. Let z be i(-12). Let a(j) = j**3 - 5*j**2 - 5*j - 3. Is a(z) a composite number?
False
Let y = 19 + -17. Suppose 4*g - 366 = r + 16, -2*r - 194 = -y*g. Is g a prime number?
False
Let p = -265 - -87. Let i = p - -545. Is i composite?
False
Suppose 4*u = 17*u - 1453673. Is u a composite number?
False
Suppose 7*l - 3*l - 1228 = 0. Let m = l + -12. Is m prime?
False
Let z(r) = 33*r - 7. Let s be (12/(-9))/(2/(-3)). Is z(s) a composite number?
False
Suppose -2*d = 2*d + 112. Let y be (-8)/d - 9591/(-21). Let m = 10 + y. Is m composite?
False
Suppose 4*g - 59 = -k, 52 + 5 = 4*g + 3*k. Let v be (-3 - 1)*(g - 3). Let a = v + 259. Is a a prime number?
True
Suppose 0*u = 5*u - 40. Suppose u*r + 10 - 274 = 0. Is r a composite number?
True
Let x be ((-6)/5)/((-8)/1180). Suppose -2*w + x = -11. Suppose 5*n - 81 = w. Is n composite?
True
Let x = -3240 - -4940. Suppose 410 = 5*f - x. Is f a prime number?
False
Let x = 51 + -116. Is x/20*-20*1 prime?
False
Let o(r) = 577*r**3 - 7*r**2 - 36*r - 17. Is o(6) prime?
True
Let c = -8588 + 31719. Is c a prime number?
True
Is (4 - -6) + -6 + 739 a prime number?
True
Let v(f) = -f**2 + 12*f - 13. Let j be v(11). Let d = 483 + j. Is d composite?
True
Is -3 + (-30)/5 - -63976 prime?
False
Let a be (-135)/(-18)*76/3. Let m be (-9)/6 - 78/4. Let v = a - m. Is v a prime number?
True
Suppose 0 = -4*g - 3*h + 1562, -3*g + 1186 = -5*h - 0*h. Suppose d - o - g = -0*o, 5*o = -d + 374. Is d composite?
False
Is 25293 + (-49 - -1)/(-6) a prime number?
True
Suppose -1054 = -3*f - a, 2*a - 356 = -f - 3*a. Suppose -2*h + 307 = -f. Is h a composite number?
True
Let h(n) = n**3 + 12*n**2 + n - 15. Let o be h(-11). Let u = o - 37. Suppose u = s - 53. Is s a prime number?
False
Let a(u) = 2*u**2 + 18*u - 85. Is a(12) composite?
False
Suppose 0 = 4*s - 165 + 45. Let r = 221 - s. Is r prime?
True
Suppose -5*b = -2*b + 24. Is b/2 + (-9 - -924) a composite number?
False
Let w = -12 + 18. Suppose w*x = 2*x. Suppose x = 2*f + f - 9, -4*f = 3*o - 897. Is o a prime number?
False
Let t(f) = 0*f**3 + 2*f**3 - 1 + 7*f - 6 - 11*f**2 - 2. Let q be (-30)/(-4) - 3/6. Is t(q) prime?
False
Let t(z) = 23*z + 15. Let i(x) = x**3 + 6*x**2 + 5*x - 4. Let p be i(-4). Is t(p) composite?
False
Suppose 5*t - 546 = 11*t. Let p = t - -240. Is p a composite number?
False
Let i = 146538 - 93367. Is i a prime number?
True
Suppose -5*l = a - 325, -l + a = 4*l - 325. Suppose 0 = -b - 4*b + l. Suppose 0 = -4*f + 23 + b. Is f prime?
False
Is 1/(-1)*(-11)/(77/31745) composite?
True
Let h(l) = 894*l**2 - 103. Is h(6) a prime number?
False
Suppose 2*i = -i + 9, -4*c - 3 = -5*i. Suppose 5 + c = 4*n, n + 55 = 3*j. Is j composite?
False
Let g(f) = -f**2 - 12*f + 4. Let j be g(-7). Suppose -6*a + 74 = 2*w - a, -3*a + j = w. Suppose -2*x + 347 = -w. Is x a prime number?
False
Let b(d) = -3*d + 4388. Let c be b(0). Suppose q - c = -5*l - 0*q, -l - q = -880. Is l a prime number?
True
Let c(j) = -j**2 + 4*j + 2. Let t be c(4). Is (-7)/(t/(-66)*3) a composite number?
True
Let o(m) = 7*m - 15. Let y be o(7). Let h = y + 25. Is h a composite number?
False
Suppose 5441 = 5*h + 4*b - 2770, -3*h - 3*b + 4929 = 0. Suppose -a - a = 5*l - h, 5*a - 972 = -3*l. Is l prime?
False
Suppose 49*c + 363 = 52*c. Suppose -2*d = -r + c, 118 = 4*r - 2*d - 342. Is r a prime number?
True
Is (-134775)/(-7) - ((-155)/35 + 5) a composite number?
True
Is (-7 - -4) + 18895 + 1 composite?
True
Let l(u) = 8*u**2 - 3*u - 1. Let a(k) = -k**3 - 10*k**2 - 9*k + 9. Let p be a(-9). Let q = 7 - p. Is l(q) composite?
False
Suppose 0*v - v + 9 = 0. Suppose -34 = 5*s - v. Is 12/(-30) - 32/s composite?
True
Suppose 0 = -0*k - 2*k + 38. Is k a composite number?
False
Let w be (8 - 4)/((-2)/(-4)). Suppose -w*s = -11034 + 4018. Is s a prime number?
True
Let q(x) = -x + 8. Let h be q(6). Let j(v) = -6 - 2*v**h + v**2 + 0*v + 2*v + 3*v**3 + 1. Is j(4) a prime number?
True
Let n be 1/(7/3 - 2). Let o(s) = -6 + s**n + 3*s + s - 7*s**2 + 14*s**2 - 2*s. Is o(-5) composite?
True
Suppose -d + 2*g = -12, -3*d - g - 4*g = -47. Is 254*(d/(-4) - -4) composite?
False
Suppose 7*b - 1740 = 2943. Is b prime?
False
Suppose 0 = 65*z - 66*z + 1324. Let a = -129 + z. Is a a composite number?
True
Is (-266108)/(-6) - 110/330 composite?
False
Suppose -1 = -z + 14. Suppose 0 = -24*p + z*p + 4419. Is p a prime number?
True
Let f be -1 - ((-2)/2)/1. Suppose 3*h + h - 4568 = f. Let l = h - 763. Is l a prime number?
True
Let n = -12 - -11. Let j be -16*(0/n + -3). Let u = -29 + j. Is u a prime number?
True
Let j be (-46)/(-3) + 14/21. Let b = 17 - j. Is -4*b/((-4)/43) composite?
False
Suppose 4*v - 8 - 12 = 0. Suppose -x + v*f + 0*f - 22 = 0, x - 8 = -f. Is x composite?
False
Suppose -10 + 46 = 2*b. Is ((-279)/b)/(2/(-28)) prime?
False
Is ((-25990)/23)/(-1*4/2) prime?
False
Suppose -3*n + 16 = 4*g - 2*g, -4*g - 3*n = -20. Is (-877)/(-3)*g/(4/6) a prime number?
True
Is (-662860)/(-33) + 14/6 a composite number?
False
Suppose 48*r - 218928 = -0*r. Is r a prime number?
True
Suppose -z + 6*z - 30 = 0. Let d be (12 + 0)*176/z. Let o = d + -167. Is o a composite number?
True
Let y(b) = b**2 + 10*b + 5. Let n be y(-11). Suppose -2*w - 2*w = -n. Suppose 258 = 5*g - o, w*o - 31 - 212 = -5*g. Is g a composite number?
True
Let z(p) = 2275*p**2 + 55*p + 41. Is z(-6) a composite number?
False
Is (4 - -2035) + (-6 - -8) composite?
True
Let k = 1 - -4. Suppose -4*u - k*a = -1841, 4*a = -2*u - 3*u + 2308. Let r = u - 315. Is